, -5*s + z = -x. Let l = s - 14. What is the tens digit of l?
1
Suppose 0 = -7*m + 386 - 1975. Let r = -110 - m. What is the units digit of r?
7
Let x(f) = 97*f + 53. What is the hundreds digit of x(5)?
5
Let p be (-12)/(-66) + (-6)/33. Suppose f = -n - 0*f - 33, 4*n + 5*f + 135 = p. Let u = 11 - n. What is the units digit of u?
1
Let r(q) = -q**3 - 12*q**2 + 4*q - 2. Let x be r(-9). Let z = -158 - x. What is the hundreds digit of z?
1
What is the tens digit of 1/(((-9)/3)/(0 - 141))?
4
Let c(n) = -n - 17. Let h be c(-7). Let r be (6 + -1)*12/h. Let j(z) = z**3 + 7*z**2 + 5*z + 14. What is the tens digit of j(r)?
2
Suppose -1104 - 991 = -5*h. Suppose -5*x = 5*y - 201 - h, 492 = 4*x + 3*y. Suppose 0 = 6*l - l - x. What is the units digit of l?
4
Let w(n) = -n**3 + 10*n**2 - 8*n - 9. Let a be w(9). Suppose -5*b - 20 = a, 3*b = -5*u - 0*b + 708. Suppose -u = 13*q - 17*q. What is the tens digit of q?
3
Suppose -v = 4*w - 5169, 5*w + 2*v - 10948 = -4483. Suppose -12*a + w + 569 = 0. What is the tens digit of a?
5
Suppose 0 = 3*j + 3*z - 51, j - 2*z = -5*z + 15. Let i = 120 - j. What is the hundreds digit of i?
1
Let k = 17 + -19. Let p(s) = -2*s**2 - 5*s - 1. Let w be p(k). What is the tens digit of (w + -67)/((-30)/20)?
4
Let m = 753 + -749. Let g(d) = -d - d**3 + 6*d**2 - 2 - 1 + 0. What is the units digit of g(m)?
5
Let w(y) = -y**3 - 3*y**2 + 7*y + 5. Let k be w(-5). Let f = -18 + k. What is the units digit of 9*(-1)/f*-6?
7
Let o = 7 + 0. Let c(v) = 3*v - 4 - 4 + o + 4*v**2 + 2. What is the tens digit of c(-3)?
2
Suppose 2*w = -3*w - 340. Let g = w - -38. What is the units digit of (176/(-10))/(12/g)?
4
Suppose -950 = -201*h + 191*h. What is the tens digit of h?
9
Suppose 0 = -2*d + 2497 - 637. What is the tens digit of ((-4)/14 + d/(-28))*-2?
6
Let r be (-3)/(1 - 2/(-4)). Let w(t) be the first derivative of -7*t**2/2 - t + 18. What is the tens digit of w(r)?
1
Let n(l) = 4*l**2 + 5*l + 169. What is the hundreds digit of n(13)?
9
Let v(i) = -i**2 - 11*i + 21. Let y be v(-15). Let q = y + 85. What is the tens digit of q?
4
Suppose 4*x = 4*b - 12, 9 = 4*x - b + 30. Let t be (-4)/(-6)*((-1890)/(-12))/5. What is the units digit of (-202)/x + 7/t?
4
Let g = 1788 - 1013. What is the units digit of g?
5
Suppose 17*l = 19*l - 344. What is the hundreds digit of l?
1
Let u(a) = 3*a**3 - 41*a**2 - 57*a - 43. Let f(r) = 2*r**3 - 21*r**2 - 29*r - 22. Let k(l) = -5*f(l) + 3*u(l). What is the units digit of k(-17)?
4
Let f(q) = q**3 + 21*q**2 - 41*q + 27. What is the thousands digit of f(-16)?
1
Suppose -5*t + 8887 = -9*m + 13*m, -4*t = 5*m - 11111. What is the hundreds digit of m?
2
Suppose -2*k - 23 = -141. Let c = -25 + k. What is the units digit of c?
4
Let t = -293 + 1923. What is the hundreds digit of t?
6
Suppose 0 = d + 2*d - 9. Let g be (-3)/d*(2 - 3). Let u(y) = 18*y. What is the tens digit of u(g)?
1
Let d be (0 + 0/5)*1. Suppose 3*b + 6 = d, y - b = -2*y + 437. Let x = y + -87. What is the tens digit of x?
5
Let n(y) = y**2 - 14*y. Let t be n(14). What is the hundreds digit of 4 + t + (4 - -111) + 0?
1
Let j(f) = -2*f + 2. Let h be j(0). Let u be (-2)/(-3 + 1)*h. Suppose u*m + m - 81 = 0. What is the units digit of m?
7
Let z(d) = -3*d. Let x be z(-8). Suppose -7*p + x = -3*p. What is the units digit of p?
6
Suppose -9*i + 0*i - 153 = 0. Let w(k) = -k**2 - 23*k + 22. What is the tens digit of w(i)?
2
Let c = -33 + 37. Suppose c*o - 2*o - 182 = 0. What is the units digit of o?
1
Let w be (0 - -1) + -10 + 3. Let q = w + 53. What is the units digit of q?
7
Let s(r) = -10*r + 9. Suppose 6*j = 2*i + 2*j + 6, 0 = -j. What is the units digit of s(i)?
9
Let a(r) = r**3 + 28*r**2 - 46*r - 90. What is the hundreds digit of a(-29)?
4
Let i be (5/(10/(-9)))/(2/(-8)). Suppose -135 + i = -3*f. What is the units digit of f?
9
Suppose 2*w + 16 + 52 = 0. Let b = w - -49. Suppose -120 = -3*d + b. What is the units digit of d?
5
Let x be -2*(-2)/4*(-4)/2. What is the units digit of (-1188)/(-110) + x/(-10)?
1
Let c(x) = -x**2 - 11*x - 13. Suppose 0 = 3*d - 15 + 42. Let k be c(d). Suppose 0 = y - k, 2*t = y + 83. What is the tens digit of t?
4
Let w be (-6)/2 + 0 + 3. Suppose w = -2*t + 4 + 48. What is the units digit of t?
6
Let w = 107 + -242. Let d = -53 - w. Suppose d = 4*i - 102. What is the tens digit of i?
4
Suppose 5*d = -4*o + 2781, 4*o - 3425 = d - 674. What is the tens digit of o?
8
Let g be (2 - (-6)/(-4))*(-36)/(-3). Suppose q - 112 = 4*j + 4*q, q + 54 = -2*j. What is the tens digit of (-3 - j)/(g/9)?
3
Let b(s) = -336*s - 265. What is the hundreds digit of b(-3)?
7
What is the thousands digit of 54876/153*39/4?
3
Let a = -30 - -120. Suppose 0 = -3*r + a + 63. What is the units digit of r?
1
Let b be (-2)/(-5) - 92/(-20). Suppose -3*d + 3*w = -288, 0 = d + 2*d + b*w - 304. What is the tens digit of d?
9
Let h = 318 + 221. What is the units digit of h?
9
Let s be (-76)/(-24) - (-1)/(-6). Let b be s/(84/(-27) + 3). Let f = 41 + b. What is the units digit of f?
4
Let g = 610 + -239. What is the tens digit of g?
7
Let u(z) = -45 - 7*z + 22 + 17*z - 15. What is the units digit of u(5)?
2
Let o(j) = 6 - 5*j + 7*j + 0*j**3 + j**3 - 4*j. Let u be o(0). What is the tens digit of 50*(-3)/(-18)*u?
5
Suppose 5*w - 4*w = 6. Suppose 0 = l + 4*s + 10, -2*l + 5*s + 5 = -14. Suppose w*m - l*m = 20. What is the units digit of m?
5
Let u(g) = g**2 + 15*g - 9. Let m(p) = p**2 + 16*p - 10. Let t(q) = -5*m(q) + 6*u(q). Let n be t(-10). What is the units digit of ((-8)/10)/(n/50)?
0
Let o(q) be the second derivative of 7*q**5/10 - q**4/24 - q**3/3 - 3*q**2 + 8*q. Let a(k) be the first derivative of o(k). What is the tens digit of a(-1)?
4
Let w = 561 + -344. What is the hundreds digit of w?
2
Suppose -2*g - 14 = 40. What is the tens digit of (2 + 21/(-3))*g/1?
3
Let u(c) = 84*c**2 + 1. Let b be u(1). Suppose -1672 + 1652 = -4*f. Suppose -2*k - m + 7 = -27, f*k - b = 5*m. What is the tens digit of k?
1
What is the thousands digit of (-7)/(-3) - (-104700)/45?
2
Suppose -2*j + 3*h + 6 = 0, -2 = 2*j - 5*h - 12. Suppose j = 3*i + i. Suppose -5*t + 130 = -i*t. What is the units digit of t?
6
Suppose 3*q = -2*g + 18, -4*q + 68 - 24 = -4*g. Let a(m) = 7*m - 14. What is the tens digit of a(q)?
4
Let g = -10 - -12. Let o be g + 1 + -1 + 0. Suppose 2*f = o + 4. What is the units digit of f?
3
Suppose -304 = -2*a - q, -a + 159 = 2*q + 10. Let u = a + -70. What is the tens digit of u?
8
Suppose -9*w = -4*w. Suppose 5*i + 5 = w, -4*k + 8 + 10 = 2*i. What is the units digit of k?
5
Let d be 8/20*(1 - -4). What is the hundreds digit of (-10899)/42*2/(-6)*d?
1
Let m be (-85)/(-20) + 2/(-8). Suppose -m*a = -26 + 6. Suppose 0 = -5*h, -a*h + 28 = 3*x + 4. What is the units digit of x?
8
What is the units digit of (-11 + 12)*7 + 3026?
3
Let q be -17*15 + 2/1. Let s = 393 + q. What is the tens digit of s?
4
What is the tens digit of (-1785)/(-33)*2 + (-6)/33?
0
Suppose i + 0*i = -84. Let c = i - -181. What is the tens digit of c?
9
What is the tens digit of (12 - (-5 - 1))*7/2?
6
Suppose -4*y + 250 = a, 5*a + 2*y - 347 = 831. What is the hundreds digit of a?
2
Suppose -d = 4*d - 10. Let t be 21 - 0 - 21/21. What is the units digit of (-7 + d)*(-56)/t?
4
Suppose 0 = u + 1 + 1, 2*u = 5*i - 184. Suppose -56 = -32*a + i*a. Let n = a + 39. What is the units digit of n?
5
Let k(b) = 2*b**2 - 10*b + 4. What is the tens digit of k(-8)?
1
Let i(g) be the second derivative of -g**5/20 + 3*g**4/4 - 7*g**3/6 + 4*g**2 + 10*g. What is the units digit of i(8)?
6
Suppose 295 - 9059 = -7*a. What is the units digit of a?
2
Suppose -3*f + 9 = -4*f. What is the units digit of (-165)/(-4) - f/12?
2
Suppose -22 + 3 = -19*u. Suppose -4*g - 12 = -196. Let s = g + u. What is the tens digit of s?
4
Suppose -2 = -5*f - 17, 0 = -z + 5*f + 18. Suppose -3*s + 1082 = 5*a, 0 = z*a + 5*s - 486 - 160. What is the units digit of a?
7
Suppose 241 = 9*b - 632. Suppose -2*v + 21 = 3*l, 4*v - 2*l - 3*l - b = 0. What is the tens digit of v?
1
Suppose 2*o - 4*h - 457 = -3*h, 5*o + 4*h = 1162. Suppose -5*n + o = 70. Let u = n + -26. What is the units digit of u?
6
Let l(r) be the first derivative of -35*r**4/4 + r**3/3 + 2. What is the tens digit of l(-1)?
3
Let w = 34 + -21. Suppose 0 = 36*m - 34*m + 32. Let a = w - m. What is the u